and 12444129?
9
Calculate the highest common factor of 166524 and 120.
12
Calculate the highest common factor of 44 and 5243249.
11
Calculate the highest common divisor of 31052382 and 106.
106
Calculate the greatest common factor of 31841970 and 1434.
1434
Calculate the highest common factor of 22112 and 484391.
691
Calculate the highest common factor of 180295092 and 44.
4
Calculate the greatest common divisor of 712626 and 128334.
438
Calculate the greatest common factor of 2308 and 98812404.
2308
What is the highest common divisor of 606926 and 10?
2
What is the greatest common factor of 20534445 and 136530?
1665
Calculate the greatest common divisor of 8497 and 27869.
29
What is the greatest common divisor of 26 and 1127579713?
13
What is the greatest common divisor of 318411 and 104490?
81
What is the greatest common factor of 646097 and 18079?
101
What is the greatest common factor of 177030 and 1407?
21
What is the greatest common divisor of 337 and 205213117?
337
What is the highest common factor of 2895 and 411465?
15
Calculate the highest common factor of 601776 and 521181.
5373
What is the highest common factor of 42560 and 566132?
28
What is the greatest common factor of 164580 and 1339428?
2532
What is the highest common factor of 3382813 and 775?
31
Calculate the greatest common factor of 3469338572 and 196.
196
Calculate the greatest common divisor of 852 and 26851596.
12
What is the highest common factor of 637601264 and 18112?
4528
What is the greatest common factor of 239 and 51217?
1
Calculate the greatest common factor of 60 and 667020.
60
Calculate the highest common divisor of 5617915 and 1253.
179
What is the greatest common divisor of 1972 and 2870768?
116
Calculate the greatest common factor of 1688 and 372088.
8
What is the highest common divisor of 73719 and 369?
9
What is the highest common factor of 43790 and 170?
10
What is the greatest common factor of 29043352 and 15132?
5044
Calculate the greatest common factor of 4787278 and 954.
106
What is the highest common factor of 9378 and 51300?
18
Calculate the highest common factor of 22898 and 209078.
214
What is the highest common divisor of 75747 and 29316?
21
Calculate the greatest common factor of 58246573 and 1309.
1309
What is the greatest common factor of 3655 and 9341535?
215
Calculate the greatest common divisor of 119168151 and 129257.
6803
Calculate the highest common factor of 6100 and 21671900.
100
What is the highest common factor of 4887152 and 12364?
1124
What is the greatest common divisor of 31220315 and 4830?
805
Calculate the greatest common divisor of 8025 and 114600.
75
What is the highest common factor of 32517924 and 1236?
1236
What is the highest common factor of 239 and 974263663?
239
Calculate the highest common divisor of 2388687 and 18802.
119
Calculate the greatest common divisor of 121705 and 504895.
1205
Calculate the greatest common factor of 179680296 and 13344.
3336
What is the highest common divisor of 381988 and 2701814?
2146
Calculate the highest common divisor of 7751634 and 197424.
2742
What is the greatest common factor of 208 and 756236?
52
Calculate the highest common divisor of 487 and 56291843.
487
Calculate the greatest common divisor of 7174873 and 46.
23
What is the highest common factor of 5759 and 127809487?
5759
What is the greatest common divisor of 10638 and 49194?
54
Calculate the greatest common factor of 1704 and 16171244.
284
What is the greatest common factor of 24801783 and 1083?
1083
Calculate the highest common factor of 298991 and 5458439.
2471
Calculate the greatest common factor of 24731946 and 1242.
1242
Calculate the highest common factor of 84005422 and 1444.
722
What is the greatest common divisor of 81068 and 6812?
52
What is the highest common divisor of 1199365 and 385?
5
Calculate the highest common divisor of 11263 and 4767467.
1609
Calculate the greatest common factor of 97234049 and 11.
11
Calculate the highest common divisor of 888 and 903614.
74
Calculate the greatest common divisor of 1144332 and 2463612.
2868
What is the highest common divisor of 15686442 and 11457?
603
What is the highest common divisor of 15 and 4422228?
3
Calculate the greatest common divisor of 53296 and 155984.
16
Calculate the highest common divisor of 582683 and 11125.
89
What is the highest common factor of 30456 and 2084616?
648
What is the highest common factor of 12 and 2763784?
4
What is the greatest common divisor of 1005 and 8355030?
15
Calculate the greatest common factor of 48588852 and 3.
3
Calculate the greatest common factor of 8944360 and 633196.
1244
Calculate the greatest common factor of 810446 and 26507.
13
What is the highest common divisor of 11 and 621089381?
11
What is the highest common divisor of 79812 and 4643876?
2956
What is the highest common factor of 391 and 1664464?
23
What is the highest common divisor of 1726144 and 77?
7
What is the greatest common factor of 73224198 and 18?
18
Calculate the greatest common factor of 2096733 and 8109.
159
What is the greatest common factor of 32544351 and 10233?
3411
What is the highest common divisor of 18251850 and 12?
6
What is the greatest common divisor of 4332342 and 239232?
3738
Calculate the highest common factor of 16 and 185838.
2
Calculate the highest common divisor of 18491 and 125829.
451
What is the highest common divisor of 268950 and 2490?
30
Calculate the highest common divisor of 1501264 and 27472.
1616
Calculate the greatest common factor of 43958564 and 104.
52
Calculate the highest common factor of 196 and 16858156.
196
What is the greatest common divisor of 232 and 1750818392?
232
What is the highest common divisor of 255 and 18203415?
15
What is the highest common factor of 141440 and 116416?
1088
Calculate the greatest common factor of 55857 and 8442201.
1299
Calculate the highest common divisor of 234 and 40065012.
234
Calculate the highest common divisor of 103145465 and 16765.
2395
Calculate the greatest common divisor of 140794653 and 2883.
93
Calculate the highest common factor of 119 and 2922113.
17
What is the highest common factor of 2336803 and 49?
7
Calculate the greatest common factor of 166 and 2663109199.
83
Calculate the highest common divisor of 24093632 and 8.
8
What is the highest common divisor of 90069 and 138411?
21
Calculate the greatest common factor of 147 and 234393411.
147
What is the highest common divisor of 1774 and 104089450?
1774
What is the highest common factor of 180752 and 98956?
572
What is the highest common divisor of 263 and 3735099437?
263
What is the greatest common factor of 1433498 and 1782?
22
Calculate the greatest common factor of 3696630703 and 577.
577
Calculate the greatest common factor of 82061343 and 189.
189
What is the highest common factor of 43030458 and 29079?
3231
Calculate the highest common factor of 18227 and 12463954.
1657
What is the greatest common divisor of 973 and 10118783?
139
Calculate the greatest common factor of 23764 and 1196.
52
Calculate the highest common divisor of 6600 and 279599100.
3300
Calculate the greatest common factor of 31364 and 11848.
4
Calculate the greatest common factor of 8 and 831338.
2
What is the greatest common factor of 75 and 1799079?
3
What is the greatest common factor of 15705480 and 4018?
98
Calculate the greatest common divisor of 382 and 2907593.
191
Calculate the greatest common divisor of 3795 and 3446619.
759
Calculate the highest common factor of 224758992 and 192.
48
What is the greatest common divisor of 2660 and 437907820?
2660
Calculate the greatest common divisor of 7960 and 469760.
40
Calculate the highest common factor of 485321 and 4717.
53
Calculate the highest common divisor of 615706 and 56322.
14
Calculate the highest common factor of 1312885 and 82670.
35
Calculate the highest common divisor of 2922 and 6047079.
1461
Calculate the greatest common factor of 54255664 and 32.
16
Calculate the highest common divisor of 6180079 and 38579.
173
What is the highest common divisor of 348245 and 47396?
289
Calculate the highest common factor of 17967 and 47859.
159
Calculate the highest common factor of 10500 and 13132875.
2625
Calculate the greatest common factor of 124488 and 96292.
532
Calculate the highest co